{"id":461,"date":"2016-06-26T22:55:23","date_gmt":"2016-06-26T20:55:23","guid":{"rendered":"http:\/\/pydna.de\/?page_id=461"},"modified":"2022-11-03T18:44:26","modified_gmt":"2022-11-03T16:44:26","slug":"geheimagent-baut-mauss-hoehle-im-hunsrueck","status":"publish","type":"page","link":"https:\/\/pydna.de\/?page_id=461","title":{"rendered":"2022:  Mausse-H\u00f6hle  im  Hunsr\u00fcck brennt"},"content":{"rendered":"\n<p><\/p>\n\n\n\n<figure class=\"wp-block-image size-full\"><a href=\"https:\/\/pydna.de\/wp-content\/uploads\/2022\/11\/mausfaengtFeuer6.jpg\"><img loading=\"lazy\" decoding=\"async\" width=\"871\" height=\"707\" src=\"https:\/\/pydna.de\/wp-content\/uploads\/2022\/11\/mausfaengtFeuer6.jpg\" alt=\"\" class=\"wp-image-844\" srcset=\"https:\/\/pydna.de\/wp-content\/uploads\/2022\/11\/mausfaengtFeuer6.jpg 871w, https:\/\/pydna.de\/wp-content\/uploads\/2022\/11\/mausfaengtFeuer6-300x244.jpg 300w, https:\/\/pydna.de\/wp-content\/uploads\/2022\/11\/mausfaengtFeuer6-768x623.jpg 768w\" sizes=\"(max-width: 871px) 100vw, 871px\" \/><\/a><figcaption class=\"wp-element-caption\">twitter 3.11.2022  <\/figcaption><\/figure>\n\n\n\n<h2 class=\"wp-block-heading\">1991: Geheimagent baut &#8218;Mauss&#8216;-H\u00f6hle  im  Hunsr\u00fcck<\/h2>\n\n\n<p><span style=\"color: #000000;\"><strong>Dieser Artikel von 1991 ist (noch)<\/strong><\/span> <span style=\"color: #ff0000;\"><strong><span style=\"color: #000000;\">unzensiert!<\/span><br \/>R<span style=\"color: #ff0000;\"><em>ot Markiert sind\u00a0 10 anst\u00f6\u00dfige Textstellen, die von M\u00fcnchner Anw\u00e4lten im Auftrag von Werner Mauss 25 Jahre sp\u00e4ter (Juni 2016)\u00a0 im hunsrueck-forum zensiert wurden.<\/em><\/span><\/strong><\/span><\/p>\n<p><a href=\"http:\/\/pydna.de\/wp-content\/uploads\/2016\/06\/zensur_2.png\"><img loading=\"lazy\" decoding=\"async\" class=\"alignnone size-medium wp-image-635\" src=\"http:\/\/pydna.de\/wp-content\/uploads\/2016\/06\/zensur_2-300x156.png\" alt=\"zensur_2\" width=\"300\" height=\"156\" srcset=\"https:\/\/pydna.de\/wp-content\/uploads\/2016\/06\/zensur_2-300x156.png 300w, https:\/\/pydna.de\/wp-content\/uploads\/2016\/06\/zensur_2.png 662w\" sizes=\"(max-width: 300px) 100vw, 300px\" \/><\/a><\/p>\n<p><em>Reinhard Sczech, Hunsr\u00fcck Forum Heft 45 August 1991<\/em><\/p>\n<p><strong>Der ber\u00fcchtigte deutsche Geheimagent, Werner Mauss, nach Enttarnung in Genf wieder massiv im Hunsr\u00fcck t\u00e4tig.<\/strong><\/p>\n<p>Werner Mauss, ber\u00fcchtigtster und mittlerweile auch ber\u00fchmtester deutscher Agent, ist angeblich seit Jahren aus der Bundesrepublik verschwunden. Aber wer will es schon genau wissen? Mauss reist mit falschen P\u00e4ssen und immer neuen Namen. Seine Auftraggeber sitzen in den Chefetagen von Versicherungen und Industriekonzernen. Ob beim Millionen Raub in Hannover, den verschwundenen Seveso Dioxin Giftf\u00e4ssern bei der Terroristen Jagd, Geiselverhandlungen um den H\u00f6chst Manager Cordes mit einer libanesischen Hisbollah-Gruppe, dem gestohlenen K\u00f6lner Domschatz, immer wieder tauchte der Name Mauss auf.<\/p>\n<figure id=\"attachment_527\" aria-describedby=\"caption-attachment-527\" style=\"width: 758px\" class=\"wp-caption aligncenter\"><a href=\"http:\/\/pydna.de\/wp-content\/uploads\/2016\/06\/Agent_MausAltstrimmig_airport_2_1988ddd.jpg\"><img loading=\"lazy\" decoding=\"async\" class=\"wp-image-527 size-full\" src=\"http:\/\/pydna.de\/wp-content\/uploads\/2016\/06\/Agent_MausAltstrimmig_airport_2_1988ddd.jpg\" alt=\"Agent_MausAltstrimmig_airport_2_1988ddd\" width=\"758\" height=\"443\" srcset=\"https:\/\/pydna.de\/wp-content\/uploads\/2016\/06\/Agent_MausAltstrimmig_airport_2_1988ddd.jpg 758w, https:\/\/pydna.de\/wp-content\/uploads\/2016\/06\/Agent_MausAltstrimmig_airport_2_1988ddd-300x175.jpg 300w\" sizes=\"(max-width: 758px) 100vw, 758px\" \/><\/a><figcaption id=\"caption-attachment-527\" class=\"wp-caption-text\">Bisher unver\u00f6ffentlichte Fotos beweisen die Existenz des versteckten &#8222;Mauss Airport Altstrimmig&#8220;<\/figcaption><\/figure>\n<p><a href=\"http:\/\/pydna.de\/wp-content\/uploads\/2016\/06\/zensur_1.png\"><img loading=\"lazy\" decoding=\"async\" class=\"alignleft wp-image-634 size-thumbnail\" src=\"http:\/\/pydna.de\/wp-content\/uploads\/2016\/06\/zensur_1-150x150.png\" alt=\"zensur_1\" width=\"150\" height=\"150\" \/><\/a><\/p>\n<p><span style=\"color: #ff0000;\">Im HUNSR\u00dcCK-FORUM vom September 1988 berichteten wir \u00fcber die Aktivit\u00e4ten einer Firma Nolilane N.V., die \u00fcber das Simmerner Anwaltsb\u00fcro Hansen\/Huthwelker dem HUNSR\u00dcCKFORUM gerichtlich die Berichterstattung \u00fcber eine Villa in Altstrimmig verbieten wollte.<\/span><\/p>\n<p><a href=\"http:\/\/pydna.de\/wp-content\/uploads\/2016\/06\/Agent_MausAltstrimmigNorbertB.jpg\"><img loading=\"lazy\" decoding=\"async\" class=\"wp-image-526 size-full\" src=\"http:\/\/pydna.de\/wp-content\/uploads\/2016\/06\/Agent_MausAltstrimmigNorbertB.jpg\" alt=\"Agent_MausAltstrimmigNorbertB\" width=\"900\" height=\"341\" srcset=\"https:\/\/pydna.de\/wp-content\/uploads\/2016\/06\/Agent_MausAltstrimmigNorbertB.jpg 900w, https:\/\/pydna.de\/wp-content\/uploads\/2016\/06\/Agent_MausAltstrimmigNorbertB-300x113.jpg 300w\" sizes=\"(max-width: 900px) 100vw, 900px\" \/><\/a><\/p>\n<p>Norbert B. aus B. im Hunsr\u00fcck inspiziert furchtlos die rote Zone<\/p>\n<p>Bei Nolilane N. V. handelte sich um eine sogenannte off-shore-company in Curacao, die sich wiederum durch die Firma &#8222;Curacao Corporation Company N.V.&#8220;, ebenfalls auf den Holl\u00e4ndischen Antillen vertreten lie\u00df.<\/p>\n<p><span style=\"color: #ff0000;\"><a href=\"http:\/\/pydna.de\/wp-content\/uploads\/2016\/06\/zensur_2.png\"><img loading=\"lazy\" decoding=\"async\" class=\"alignleft wp-image-635 size-thumbnail\" src=\"http:\/\/pydna.de\/wp-content\/uploads\/2016\/06\/zensur_2-150x150.png\" alt=\"zensur_2\" width=\"150\" height=\"150\" \/><\/a>Unter dem Decknamen Richard Nelson hatte Geheimagent Mauss \u00a01969 das Haus in Altstrimmig erworben. Diese illegale<\/span> Grundbuch &#8222;Falschbeurkundung&#8220; kam nach Recherchen der taz auf Druck des Innenministeriums zustande. <span style=\"color: #ff0000;\">Nach Auskunft des Einwohnermeldeamtes in Zell ist Richard Nelson alias Werner Mauss unbekannt verzogen. Seine Rechtsnachfolger in Altstrimmig gaben sich nie mit der Grundst\u00fccksgr\u00f6\u00dfe zufrieden.<\/span> Wie eine Krake streckten sie ihre F\u00e4nge immer weiter aus und kauften was immer gekauft werden konnte. So beispielsweise am 7.M\u00e4rz 1986: <span style=\"color: #ff0000;\">In der Kanzlei des Notars G\u00fcnter Seume in Zell wird \u00fcber 5,33 Hektar Ackerland und einen kleinen Privatflugplatz verhandelt.<\/span> Verkaufspreis: Knappe 300.000 DM.<\/p>\n<figure id=\"attachment_531\" aria-describedby=\"caption-attachment-531\" style=\"width: 1000px\" class=\"wp-caption aligncenter\"><a href=\"http:\/\/pydna.de\/wp-content\/uploads\/2016\/06\/Agent_MausAltstrimmig-4bb.jpg\"><img loading=\"lazy\" decoding=\"async\" class=\"wp-image-531 size-full\" src=\"http:\/\/pydna.de\/wp-content\/uploads\/2016\/06\/Agent_MausAltstrimmig-4bb.jpg\" alt=\"Agent_MausAltstrimmig (4bb)\" width=\"1000\" height=\"372\" srcset=\"https:\/\/pydna.de\/wp-content\/uploads\/2016\/06\/Agent_MausAltstrimmig-4bb.jpg 1000w, https:\/\/pydna.de\/wp-content\/uploads\/2016\/06\/Agent_MausAltstrimmig-4bb-300x111.jpg 300w\" sizes=\"(max-width: 1000px) 100vw, 1000px\" \/><\/a><figcaption id=\"caption-attachment-531\" class=\"wp-caption-text\">&#8230; hier endet die Recherche 1991 an einem der Mauss Eing\u00e4nge in Altstrimmig<\/figcaption><\/figure>\n<p>Nat\u00fcrlich tritt der Geheimagent nicht mehr pers\u00f6nlich auf. Die Verk\u00e4uferin, Marlies Theisen, bekommt zur Vertragsunterzeichnung nur den B\u00fcrovorsteher der Notarkanzlei Seume, Herrn Reinhard Beuren zu Gesicht, der im Auftrag von Geradus Roetenberg, Manager der Firma &#8222;Curacao Corporation Company N.V.&#8220; handelt. <span style=\"color: #ff0000;\">Angeblich hat Mauss die Villa in Altstrimmig schon lange verkauft, hei\u00dft es offiziell.<\/span> Tats\u00e4chlich haben die Journalisten Frank Garbely und Hansj\u00f6rg Br\u00fcgger f\u00fcr das TV-Magazin &#8222;Rundschau&#8220; des Schweizer Fernsehens DRS im Herbst letzten Jahres die <a href=\"http:\/\/pydna.de\/wp-content\/uploads\/2016\/06\/zensur_2.png\"><img loading=\"lazy\" decoding=\"async\" class=\"alignleft wp-image-635 size-thumbnail\" src=\"http:\/\/pydna.de\/wp-content\/uploads\/2016\/06\/zensur_2-150x150.png\" alt=\"zensur_2\" width=\"150\" height=\"150\" \/><\/a>&#8222;Mauss&#8220;-Spur wieder aufgenommen. Demnach mietete Mauss im Mai 1990 eine h\u00fcbsche Genfer Villa an -illegal, weil unter falschem Namen und mit falschem Pass. Doch schon wenige Monate sp\u00e4ter war f\u00fcr Mauss der Unterschlupf in der Schweiz &#8222;verbrannt&#8220;: Am 4. September nahmen Genfer Polizisten die Schwiegereltern von Mauss und die Privatlehrerin seiner Kinder in der Villa fest. <span style=\"color: #ff0000;\">Seitdem wird in dem Hunsr\u00fcckdorf Altstrimmig wieder von verst\u00e4rkten Aktivit\u00e4ten des Werner Mauss, alias Erich Fischer, alias Dr. Lange, alias Horst Faber, alias Richard Nelson, berichtet.<\/span><\/p>\n<p><a href=\"http:\/\/pydna.de\/wp-content\/uploads\/2016\/06\/Agent_MausAltstrimmig2ggg.jpg\"><img loading=\"lazy\" decoding=\"async\" class=\"aligncenter wp-image-532 size-full\" src=\"http:\/\/pydna.de\/wp-content\/uploads\/2016\/06\/Agent_MausAltstrimmig2ggg.jpg\" alt=\"Agent_MausAltstrimmig2ggg\" width=\"1000\" height=\"430\" srcset=\"https:\/\/pydna.de\/wp-content\/uploads\/2016\/06\/Agent_MausAltstrimmig2ggg.jpg 1000w, https:\/\/pydna.de\/wp-content\/uploads\/2016\/06\/Agent_MausAltstrimmig2ggg-300x129.jpg 300w\" sizes=\"(max-width: 1000px) 100vw, 1000px\" \/><\/a>Um die Villa Mauss wird noch mehr Gel\u00e4nde aufgekauft. Wer nicht verkaufen will, bekommt auch schon mal mit Enteignung gedroht. Neue Bauvorhaben, teilweise skurrilster Art, k\u00f6nnen bestaunt werden. So wird auf dem Gel\u00e4nde eine gewaltige Felsmauer errichtet, ein gro\u00ad\u00dfer Neubau nimmt gar \u00c4hnlichkeiten mit den Formen einer Kirche an. Der Agentenclan hat sich zum gro\u00dfen Arbeitgeber und Wohlstandsbringer &#8222;gemaussert&#8220;.<\/p>\n<p><a href=\"http:\/\/pydna.de\/wp-content\/uploads\/2016\/06\/HF_1988_HansenHuthwelkerPNG2.png\"><img loading=\"lazy\" decoding=\"async\" class=\"alignright wp-image-534 size-full\" src=\"http:\/\/pydna.de\/wp-content\/uploads\/2016\/06\/HF_1988_HansenHuthwelkerPNG2.png\" alt=\"HF_1988_HansenHuthwelkerPNG\" width=\"425\" height=\"460\" srcset=\"https:\/\/pydna.de\/wp-content\/uploads\/2016\/06\/HF_1988_HansenHuthwelkerPNG2.png 425w, https:\/\/pydna.de\/wp-content\/uploads\/2016\/06\/HF_1988_HansenHuthwelkerPNG2-277x300.png 277w\" sizes=\"(max-width: 425px) 100vw, 425px\" \/><\/a>Bauarbeiter, gefragt f\u00fcr wen und was sie den bauen, schweigen: Die Angst um den Arbeitsplatz ist deutlich zu sp\u00fcren.<\/p>\n<p>Im Dorf wird von gro\u00dfen Festen in der Villa gemunkelt. <span style=\"color: #ff0000;\">Mauss, den viele Einwohner noch unter dem Decknamen Richard Nelson pers\u00f6nlich kennen, soll wieder h\u00e4ufiger leibhaftig in Altstrimmig aufgetaucht sein.<\/span> Der Pferdenarr Mauss plane angeblich auf seinem sich immer weiter vergr\u00f6\u00dferndem Gel\u00e4nde eine Pferderennbahn zu bauen.<a href=\"http:\/\/pydna.de\/wp-content\/uploads\/2016\/06\/HunsrueckForum45_1991_TitelBild.png\"><img loading=\"lazy\" decoding=\"async\" class=\"alignright wp-image-537 size-medium\" src=\"http:\/\/pydna.de\/wp-content\/uploads\/2016\/06\/HunsrueckForum45_1991_TitelBild-219x300.png\" alt=\"HunsrueckForum45_1991_TitelBild\" width=\"219\" height=\"300\" srcset=\"https:\/\/pydna.de\/wp-content\/uploads\/2016\/06\/HunsrueckForum45_1991_TitelBild-219x300.png 219w, https:\/\/pydna.de\/wp-content\/uploads\/2016\/06\/HunsrueckForum45_1991_TitelBild.png 666w\" sizes=\"(max-width: 219px) 100vw, 219px\" \/><\/a><\/p>\n<p><span style=\"color: #ff0000;\">Dass Mauss mit Baugenehmigungen auf keinerlei Probleme bei der zust\u00e4ndigen Verwaltung st\u00f6\u00dft, konnte Werner Wanger aus Mastershausen schon 1988 feststellen. F\u00fcr den BUND zeigte er bei der Kreisverwaltung Cochem\/Zell einen groben Eingriff in die Natur und das Landschaftsbild am M\u00fchlenweg in der Gemeinde Altstrimmig an.<\/span> Ohne Baugenehmigung hatte die Firma Nolilane riesige Fl\u00e4chen umz\u00e4unt, Felsen gesprengt, Wege planiert und viele B\u00e4ume und Geh\u00f6lze beseitigt.<\/p>\n<p><span style=\"color: #ff0000;\"><a href=\"http:\/\/pydna.de\/wp-content\/uploads\/2016\/06\/zensur_2.png\"><img loading=\"lazy\" decoding=\"async\" class=\"alignleft wp-image-635 size-medium\" src=\"http:\/\/pydna.de\/wp-content\/uploads\/2016\/06\/zensur_2-300x156.png\" alt=\"zensur_2\" width=\"300\" height=\"156\" srcset=\"https:\/\/pydna.de\/wp-content\/uploads\/2016\/06\/zensur_2-300x156.png 300w, https:\/\/pydna.de\/wp-content\/uploads\/2016\/06\/zensur_2.png 662w\" sizes=\"(max-width: 300px) 100vw, 300px\" \/><\/a>Doch die Kreisverwaltung Cochem\/Zell bekam wohl &#8222;Weisung&#8220; von h\u00f6heren Stellen und erteilte eine nachtr\u00e4glich Genehmigung.<\/span> Kurze Zeit sp\u00e4ter wurde sogar eine Hochspannungsleitung \u00fcber das &#8222;Mauss-Anwesen&#8220; abgerissen und unterirdisch verlegt.<\/p>\n<p>In der Bundesrepublik gilt Mauss sp\u00e4testens seit den nieders\u00e4chsischen Untersuchungsaussch\u00fcssen um das &#8222;Celler Loch&#8220; und dem Freispruch des angeblichen Millionenr\u00e4ubers Ren\u00e9 D\u00fce als &#8222;skandalverbrannt&#8220;. Mit der Bezirksregierung in Koblenz scheint der Geheimagent aber noch ganz gut auszukommen.<\/p>\n<p><span style=\"color: #ff0000;\">Hofft Mauss nun. in aller Ruhe im abgelegenen Hunsr\u00fcck seinen Reichtum aus zwielichtigen Aktivit\u00e4ten genie\u00dfen zu k\u00f6nnen?<\/span><\/p>\n<p>1991, Reinhard Sczech<\/p>\n<p><a href=\"http:\/\/pydna.de\/wp-content\/uploads\/2016\/06\/HF_1988_HansenHuthwelker21.png\"><img loading=\"lazy\" decoding=\"async\" class=\"alignright wp-image-535 size-full\" src=\"http:\/\/pydna.de\/wp-content\/uploads\/2016\/06\/HF_1988_HansenHuthwelker21.png\" alt=\"HF_1988_HansenHuthwelker2\" width=\"489\" height=\"690\" srcset=\"https:\/\/pydna.de\/wp-content\/uploads\/2016\/06\/HF_1988_HansenHuthwelker21.png 489w, https:\/\/pydna.de\/wp-content\/uploads\/2016\/06\/HF_1988_HansenHuthwelker21-212x300.png 212w\" sizes=\"(max-width: 489px) 100vw, 489px\" \/><\/a><\/p>\n<p><em>mehr:<\/em><\/p>\n<p>1 von 5:\u00a0\u00a0\u00a0 <strong><a title=\"Pana Papers + Provatagent Mauss\" href=\"http:\/\/pydna.de\/?page_id=500\">Panama Papers + Privatagent Mauss<\/a><\/strong><\/p>\n<p><em>\u00a0<\/em><span style=\"color: #999999;\">2 von 5:\u00a0\u00a0\u00a0 <strong>Mauss-H\u00f6hle, Hunsr\u00fcck-Forum 1991 (noch) unzensiert<\/strong><\/span><\/p>\n<p>3 von 5: \u00a0\u00a0 <a href=\"http:\/\/pydna.de\/?page_id=452\" target=\"_blank\" rel=\"noopener\"><strong>Mauss-Loch in Altstrimmig, Hunsr\u00fcck-Forum 1988<\/strong><\/a><\/p>\n<p>4 von 5:\u00a0\u00a0 <strong><a href=\"http:\/\/pydna.de\/?page_id=479\" target=\"_blank\" rel=\"noopener\">Hintergrundinformationen<\/a><\/strong><\/p>\n<p>5 von 5:\u00a0\u00a0 <strong><a href=\"http:\/\/pydna.de\/?page_id=657\">CDU in der Mauss-Falle<\/a><\/strong><\/p>\n<p><span style=\"color: #ff0000;\">+++ streng geheim +++<\/span><\/p>\n<p><a href=\"http:\/\/www.sczech.de\/?page_id=674\" target=\"_blank\" rel=\"noopener\"><strong>Akte Wippermann, Staatsanwalt Wippermann, 1985<\/strong><\/a><br \/>Da gab es 1986 noch diese Berichte<\/p>\n<h4>&#8222;Agenten reisen gern in Hunsr\u00fcck und Eifel&#8220;<\/h4>\n<p>Der Gastwirt Rainer Rippel aus Kastellaun staunte nicht schlecht: F\u00fcr sein neu gebautes Holzvordach der Wochenendh\u00fctte bei Gammelshausen flatterte ihm eine Abrissverf\u00fcgung der Kreisverwaltung in das Haus.<br \/>Die 20 zus\u00e4tzlichen Bretter verschandelten nach Beh\u00f6rdenmeinung das Landschaftsbild. Auch Elisabeth Nissing aus Bell war baff: Bei der Renovierung ihres alten Fachwerkhauses st\u00f6rte das Denkmalamt ein kleines Fenster aus den f\u00fcnfziger Jahren. Jedesmal wurde mit umfangreichem Bildmaterial der Baupolizei die kleinste \u00c4nderung \u00fcber Jahrzehnte hinweg fotografiert und kontrolliert.<\/p>\n<p>Erfahrungen aus dem allt\u00e4glichen Leben &#8222;gew\u00f6hnlicher&#8220; B\u00fcrger im Umgang mit den Beh\u00f6rden.<\/p>\n<p>Ganz anders kann da die Briefkastenfirma Nolilane N.V. mit Sitz in<br \/>Curacao auf den Niederl\u00e4ndischen Antillen schalten und walten. \u00dcber Anwaltsb\u00fcros und Mittelsm\u00e4nner werden gewaltige Bauma\u00dfnahmen in Altstrimmig geplant und durchgef\u00fchrt. Zwanzig Hektar eines herrlichen Tales wurden ruiniert.<\/p>\n<p>Hierzu ein Brief von Werner Wanger aus Mastershausen im Auftrag des BUND an die Landespflegebeh\u00f6rde der Kreisverwaltung Cochem\/Zell:<\/p>\n<blockquote>\n<p>&#8222;&#8230;. m\u00f6chte ich einen groben Eingriff in die Natur und das<br \/>Landschaftsbild am M\u00fchlenweg der Gemeinde Altstrimmig zur Anzeige bringen.<br \/>Besitzer des fraglichen Grundst\u00fcckes ist die holl\u00e4ndische Firma<br \/>Nolilane. Diese Firma hat die Umz\u00e4unung eines riesigen Wald- und Wiesenst\u00fcckes veranlasst. Dabei wurden gro\u00dfe Breschen geschlagen, Felsen gesprengt, Wege planiert und viele B\u00e4ume und Geh\u00f6lze beseitigt. Der Zaun wurde mit einem massiven Betonfundament versehen.<br \/>Solche gravierenden Eingriffe in die Natur werden in der Regel nur f\u00fcr milit\u00e4rische Anlagen genehmigt.<br \/>Wurde von Ihrer Beh\u00f6rde eine Genehmigung f\u00fcr diese Bauma\u00dfnahmen erteilt?<br \/>Wenn ja, welche Auflagen wurden gemacht?<br \/>Warum wurde die BUND Kreisgruppe Cochem\/Zell zu diesem Vorgang nicht geh\u00f6rt?<br \/>Bitte leiten Sie entsprechende Ma\u00dfnahmen ein um weitere Umweltvergehen zu unterbinden. &#8230;&#8220;<\/p>\n<\/blockquote>\n<p>Nach Inspektion vor Ort hat sich inzwischen der Landespfleger hellauf entsetzt \u00fcber die &#8222;Bauma\u00dfnahmen&#8220; der omin\u00f6sen Briefkastenfirma ge\u00e4u\u00dfert. Doch im Gegensatz zur normalen Vorgehensweise wurde nicht sofort eingeschritten, sondern nun wird erst einmal die Stellungnahme der Vorgesetzten Beh\u00f6rden abgewartet.<\/p>\n<p>Sind etwa &#8222;h\u00f6here staatliche<br \/>Interessen&#8220; im Spiel? Wenn ja, welche?<\/p>\n<p>Wir berichteten im letzten HUNSR\u00dcCK FORUM: Die Rechtsanw\u00e4lte Hansen\/Hutwelker aus Simmern hatten mit gerichtlichen Konsequenzen gedroht, falls wir die Villa in Altstrimmig in Zusammenhang mit Richard Nelson, dem inzwischen amtlich best\u00e4tigten V-Mann Werner Mauss bringen.<\/p>\n<p>Dabei waren sie nicht gerade zimperlich vorgegangen. Sie besorgten<br \/>sich illegal bei der Kraftfahrzeug-Zulassungsstelle die notwendigen<br \/>Daten, nachdem aus dem Grundst\u00fcck der &#8222;Villa Mauss&#8220; ein Auto mit<br \/>einer Videokamera gefilmt wurde. Dem Stra\u00dfenverkehrsamt wurde dabei vorget\u00e4uscht, der Fahrer w\u00e4re in einen Unfall mit einem Mandanten der Kanzlei verwickelt. Es \u0081\u00fcbermittelte f\u00fcr 4,-DM &#8222;Auskunft Geb\u00fchr&#8220; die \u0081\u00fcber den Fahrer gespeicherten Informationen. \u00dcber welche dunklen Kan\u00e4le dann ein<br \/>Zusammenhang zum HUNSR\u00dcCK FORUM hergestellt wurde lie\u00df sich noch nicht ermitteln. Die rheinland-pf\u00e4lzische Datenschutzkommision wird sich in der n\u00e4chsten Sitzung mit diesen zwielichtigen Vorg\u00e4ngen befassen.<\/p>\n<p>\u00a0<\/p>\n<p>\u00a0<\/p>\n<p>&#8222;Agenten reisen gern in Hunsr\u00fcck und Eifel&#8220; schlagzeilte die<br \/>Rhein-Zeitung am 2.Juli 1983. Berichtet wurde allerdings nicht \u00fcber<br \/>die illegalen Aktionen des Werner Mauss, die in der Hunsr\u00fccker Villa unter dem Decknamen &#8222;Richard Nelson&#8220; geplant wurden, sondern \u00fcber Erkenntnisse von Innenminister Kurt B\u00f6ckmann (CDU) \u0081\u00fcber die gro\u00dfe &#8222;Gefahr von links&#8220;. Zwei Wochen sp\u00e4ter steigerte sich die Rhein-Zeitung gar zu &#8222;Raketengegner proben den Aufstand&#8220;.<\/p>\n<p>Unterzeile: &#8222;Unter der Bezeichnung `Friedensinitiative` bereiten sich auch im Hunsr\u00fcck sogenannte Einsatzgruppen der Raketengegner auf zentrale und dezentrale Aktionen vor.&#8220;<\/p>\n<p>Wiederum zwei Wochen sp\u00e4ter explodierten wie bestellt auf dem<br \/>US-Flugplatz Hahn die Bomben der vermuteten Linksterroristen. Mit in Feuerl\u00f6schern versteckten Bomben wollten die Terroristen angeblich ausgerechnet ein altes Offizierskasino zerst\u00f6ren.<\/p>\n<p>Die im HUNSR\u00dcCK-FORUM aufgef\u00fchrten Kontaktadressen der verschiedenen Friedensinitiativen erhielten auch prompt anonyme Bekennerbriefe &#8211; angeblich aus dem Umfeld der &#8222;Rote Armee Fraktion&#8220; (RAF)<\/p>\n<p>Eine Merkw\u00fcrdigkeit die erst heute richtig aufst\u00f6\u00dft: Ausgerechnet die &#8222;Verlegung von Bernd R\u00f6stner zu seinen Genossen in Celle&#8220; wird in diesem anonymen Schreiben gefordert. Celle ist mittlerweile ein<br \/>Begriff: Als Kommando der Rote Armee Fraktion getarnte<br \/>nieders\u00e4chsische Verfassungssch\u00fctzer sprengten im Juli 1978 ein Loch in die Mauer der Justizvollzugsanstalt Celle, um eine Aktion zur Befreiung des dort einsitzenden Terroristen Sigurd Debus<br \/>vorzut\u00e4uschen. Unter anderem wurde dazu ein wegen Polizistenmord verurteilter Schwerkrimineller von den Staatssch\u00fctzern angeheuert.<\/p>\n<p>Das Drehbuch zu dieser unglaublichen Geschichte schrieb in seiner<br \/>Hunsr\u00fccker Villa der geheimnisvolle Privatdetektiv Werner Mauss, alias Richard Nelson. Noch heute arbeitet ein Untersuchungsausschuss des nieders\u00e4chsischen Landtages um Licht in diese dunkle Geschichte zu bringen.<\/p>\n<p>Auch wir werden am Ball bleiben und neue Fakten f\u00fcr die n\u00e4chste<br \/>Ausgabe des Hunsr\u00fcck-Forums recherchieren.<\/p>\n<p>\u00a0<\/p>\n<p><em>mehr:<\/em><\/p>\n<p>1 von 5:\u00a0\u00a0\u00a0 <strong><a title=\"Pana Papers + Provatagent Mauss\" href=\"http:\/\/pydna.de\/?page_id=500\">Panama Papers + Privatagent Mauss<\/a><\/strong><\/p>\n<p><em>\u00a0<\/em><span style=\"color: #999999;\">2 von 5:\u00a0\u00a0\u00a0 <strong>Mauss-H\u00f6hle, Hunsr\u00fcck-Forum 1991 (noch) unzensiert<\/strong><\/span><\/p>\n<p>3 von 5: \u00a0\u00a0 <a href=\"http:\/\/pydna.de\/?page_id=452\" target=\"_blank\" rel=\"noopener\"><strong>Mauss-Loch in Altstrimmig, Hunsr\u00fcck-Forum 1988<\/strong><\/a><\/p>\n<p>4 von 5:\u00a0\u00a0 <strong><a href=\"http:\/\/pydna.de\/?page_id=479\" target=\"_blank\" rel=\"noopener\">Hintergrundinformationen<\/a><\/strong><\/p>\n<p>5 von 5:\u00a0\u00a0 <strong><a href=\"http:\/\/pydna.de\/?page_id=657\">CDU in der Mauss-Falle<\/a><\/strong><\/p>\n<p><span style=\"color: #ff0000;\">+++ streng geheim +++<\/span><\/p>\n<p><a href=\"http:\/\/www.sczech.de\/?page_id=674\" target=\"_blank\" rel=\"noopener\"><strong>Akte Wippermann, Staatsanwalt Wippermann, 1985<\/strong><\/a><\/p>","protected":false},"excerpt":{"rendered":"<p>1991: Geheimagent baut &#8218;Mauss&#8216;-H\u00f6hle im Hunsr\u00fcck Dieser Artikel von 1991 ist (noch) unzensiert!Rot Markiert sind\u00a0 10 anst\u00f6\u00dfige Textstellen, die von M\u00fcnchner Anw\u00e4lten im Auftrag von Werner Mauss 25 Jahre sp\u00e4ter (Juni 2016)\u00a0 im hunsrueck-forum zensiert wurden. Reinhard Sczech, Hunsr\u00fcck Forum Heft 45 August 1991 Der ber\u00fcchtigte deutsche Geheimagent, Werner Mauss, nach Enttarnung in Genf wieder &hellip; <a href=\"https:\/\/pydna.de\/?page_id=461\" class=\"more-link\"><span class=\"screen-reader-text\">2022:  Mausse-H\u00f6hle  im  Hunsr\u00fcck brennt<\/span> weiterlesen <span class=\"meta-nav\">&rarr;<\/span><\/a><\/p>\n","protected":false},"author":1,"featured_media":474,"parent":0,"menu_order":0,"comment_status":"closed","ping_status":"closed","template":"","meta":{"jetpack_post_was_ever_published":false,"footnotes":""},"jetpack_sharing_enabled":true,"jetpack_shortlink":"https:\/\/wp.me\/P7MoaS-7r","jetpack_likes_enabled":true,"_links":{"self":[{"href":"https:\/\/pydna.de\/index.php?rest_route=\/wp\/v2\/pages\/461"}],"collection":[{"href":"https:\/\/pydna.de\/index.php?rest_route=\/wp\/v2\/pages"}],"about":[{"href":"https:\/\/pydna.de\/index.php?rest_route=\/wp\/v2\/types\/page"}],"author":[{"embeddable":true,"href":"https:\/\/pydna.de\/index.php?rest_route=\/wp\/v2\/users\/1"}],"replies":[{"embeddable":true,"href":"https:\/\/pydna.de\/index.php?rest_route=%2Fwp%2Fv2%2Fcomments&post=461"}],"version-history":[{"count":31,"href":"https:\/\/pydna.de\/index.php?rest_route=\/wp\/v2\/pages\/461\/revisions"}],"predecessor-version":[{"id":845,"href":"https:\/\/pydna.de\/index.php?rest_route=\/wp\/v2\/pages\/461\/revisions\/845"}],"wp:featuredmedia":[{"embeddable":true,"href":"https:\/\/pydna.de\/index.php?rest_route=\/wp\/v2\/media\/474"}],"wp:attachment":[{"href":"https:\/\/pydna.de\/index.php?rest_route=%2Fwp%2Fv2%2Fmedia&parent=461"}],"curies":[{"name":"wp","href":"https:\/\/api.w.org\/{rel}","templated":true}]}}